(-20)/6) - (-65968)/80?
4
Suppose 3*u = -5*l - 25, 5*l + 2*u + 12 = 4*l. Let c be l/((-240)/116 - -2). Suppose -3*h + c = -25. What is the tens digit of h?
1
Let z be 198*6/4*(3 - -2). What is the hundreds digit of ((-8)/12)/((-6)/z)?
1
Let j be 4/18 - 4/18. Suppose -2*a + 5*w + j*w = 19, 4*w - 14 = 2*a. Suppose a*k = 7*k - 36. What is the units digit of k?
9
Let u(v) = 2*v**3 - v**3 - v**2 - 2*v**3. Let k(i) = -7*i**3 - 19*i**2 - 13*i + 16. Let g(p) = k(p) - 6*u(p). What is the units digit of g(-12)?
8
Suppose 7*q = -0*q. Suppose q = -11*k + 18*k - 1561. What is the tens digit of k?
2
Let u = -36 - -1145. What is the units digit of u?
9
Let y(a) = -1603*a**3 - a**2 + 7*a + 8. What is the units digit of y(-1)?
3
What is the units digit of ((-2)/5 + 2)*(-5 + 85)?
8
Let y be (40/(-12))/((-1)/(-3)). Let v = -8 - y. Suppose -v*g + 21 = -1. What is the units digit of g?
1
Suppose i = -v + 3, 0 = -3*i - 2*v + 7 + 1. Let p = -93 - -135. Suppose 0 = m - 4*l - p, i*m - 2*l + 52 = 136. What is the units digit of m?
2
Let n = 28 - 30. What is the units digit of (-7 - n)*(-372)/30?
2
Suppose 0 = 11*a - 13*a. Suppose 2*d - q = 189, -q - 4 + 3 = a. What is the tens digit of d?
9
Let z be -4*1/2 - -2. Let q be z/(2 + -2 - 3). Suppose 5*n - 5*t = -q*n + 165, t = 3. What is the units digit of n?
6
Suppose 6*r = 5*y + 2*r - 22, 4*r + 12 = 0. Let t(s) = 7 - 6*s - 5*s - y*s + 2*s**2 + 8*s. What is the units digit of t(3)?
0
Suppose -4*i - 5*m = 522, 3*m = m + 4. What is the units digit of (-2)/(-19) + (-20202)/i?
2
Let m = 2016 + 834. What is the tens digit of m?
5
Let h = -89 + 90. What is the units digit of h?
1
Let p(j) = j**3 + 5*j**2 + 3*j - 3. Let a(y) = -y**2 + 8*y + 11. Let x be a(9). Suppose x*w + 3 = -3. What is the units digit of p(w)?
6
What is the units digit of (-1 + -21 + -2)*942/(-12)?
4
Let v be (24/(-4))/((-6)/(-196)). Let p = 304 + v. What is the hundreds digit of p?
1
Let t(j) = 2*j + 3. Let x = -52 + 60. What is the units digit of t(x)?
9
Suppose -22*q + 11*q = -5599. What is the tens digit of q?
0
Suppose 3*u = 4*u - 12. Suppose 204 = 30*w - 486. Let g = w - u. What is the tens digit of g?
1
Let d = 80 - -2. Suppose 2*b + 34 - d = 0. Suppose -21 = -o + b. What is the tens digit of o?
4
Let i(o) = o**3 - 18*o**2 - 15*o - 23. Let m be ((-38)/(-4))/((-9)/(-18)). What is the tens digit of i(m)?
5
Suppose -9*q - 92 = -7*q. Let c = 63 + q. What is the tens digit of c?
1
Let k(l) = 164*l**2 - 2*l - 11. What is the hundreds digit of k(-2)?
6
Let a(t) = -t**3 - 5*t**2 - 10*t - 6. Let f be a(-2). Let v(i) = i**3 + 3*i**2 + 3*i + 4. Let q be v(-4). What is the tens digit of 81/f*q/(-18)?
5
Suppose -2*n - q - 3*q = -1730, 0 = 5*n - 5*q - 4385. What is the hundreds digit of n?
8
Let c(b) = -b**3 + 22*b**2 - 31*b + 75. What is the tens digit of c(18)?
1
Let k = -45 + 48. Let l(r) = -2*r + 3*r**2 + 2*r. What is the units digit of l(k)?
7
Let u be -2*(-2)/8*14. Let n(z) = z**3 - 6*z**2 - 2*z - 6. What is the units digit of n(u)?
9
Suppose 2*a - 2*u - 14 = 0, 2*a - 3*u - 26 = -4*u. Suppose a*h - 474 = 9*h. What is the units digit of h?
7
Suppose 21*a - 5433 = 24450. What is the units digit of a?
3
Let h = -32 + 20. Let z(p) = 2*p**3 + 26*p**2 + 17*p + 6. What is the tens digit of z(h)?
9
Let h(j) = 52*j - 461. What is the hundreds digit of h(46)?
9
Let s = -29 + 33. Suppose -4*y + s*j + 8 = 0, 0*j + 1 = 4*y + 3*j. What is the units digit of y?
1
Let o be ((-2)/(-6))/(5/(-435)). Let w = 29 + o. What is the units digit of (-1)/(1/(-2)) - w?
2
What is the units digit of (-4938)/(-5) + -3*(-2)/15?
8
Let f = 0 + 139. Suppose -f + 7 = -4*t. What is the units digit of t?
3
Let u(h) = h**2 - 6*h + 47. What is the units digit of u(44)?
9
Suppose -784*s - 5150 = -789*s. What is the hundreds digit of s?
0
Let p(y) = y**2 - 8*y + 21. Let h be p(3). Suppose -8*q = -h*q - 80. What is the units digit of q?
0
Let y = -91 - -142. What is the tens digit of (0 - 2) + y - -1?
5
Let m(x) = x - 3. Let p be m(5). Suppose l - p*d = 116, l + 368 = 4*l - 2*d. Suppose 3*i + 42 = l. What is the units digit of i?
8
Let l(b) = 39*b - 44. What is the hundreds digit of l(10)?
3
Let q(s) = s**3 - 23*s**2 - 3*s + 5. Let x be q(23). Let f = x + 171. What is the tens digit of f?
0
Let z be -12*1*15/(-45). Let y be (-3 - -12)*(-7)/1. What is the units digit of z/((-12)/y) + -2?
9
Let p = 1833 - 280. What is the tens digit of p?
5
Suppose 13*l - 18*l + 3*s + 1428 = 0, 572 = 2*l - 2*s. What is the tens digit of l?
8
Let l(f) = 1675*f**2 + 50*f + 50. What is the tens digit of l(-1)?
7
Let y be ((-8)/6)/((-16)/408). Let p(r) = 0 + y*r - 4 - 11*r. What is the units digit of p(2)?
2
Suppose -678*c = -685*c + 7140. What is the thousands digit of c?
1
What is the units digit of (520/32)/((-1)/(-52))?
5
Suppose -3*d = -6, 3*o - 4*d + 7*d = -9. Let q(j) = -3*j**2 - 3*j. Let g be q(o). What is the units digit of (-3225)/g + (-2)/(-8)?
4
Let l = 2249 + -1130. What is the thousands digit of l?
1
Suppose -3*p - 32 = -4*p - 5*j, -4*p - 2*j + 56 = 0. What is the units digit of (-2)/(p/(-357))*(3 + -1)?
9
Suppose 4 + 37 = u. Let d(v) = -v**3 - 6*v**2 - 3*v + 4. Let f be d(-4). Let l = u + f. What is the tens digit of l?
2
Suppose -16*h - 178 = -17*h. Suppose b - 5*g - h = -2*b, 181 = 3*b - 2*g. What is the tens digit of b?
6
Let s(v) = -3*v**2 - 16*v. Let l be s(-5). What is the units digit of (100/(-15))/l*-3 + 277?
1
Suppose 42 = -4*o - 2. Let u(w) = -4*w - 15. What is the tens digit of u(o)?
2
Suppose -3*x + 2836 = -h, -x - 224 = 4*h - 1165. What is the hundreds digit of x?
9
What is the units digit of (-492)/42 - -12 - 12526/(-14)?
5
Let u be ((-2)/(-4))/(4/40). Let z = 94 - 91. Suppose z*w - 90 = -0*f + 3*f, 2*f = -u*w + 150. What is the units digit of w?
0
Suppose p - 2*w = -w + 367, -2*p + 3*w + 734 = 0. Suppose -j - 5*f = 2*j - p, j = -5*f + 119. What is the tens digit of j?
2
Let i(j) be the second derivative of -j**4/12 + 4*j**3/3 + 11*j**2/2 + 10*j. Let u be i(9). What is the units digit of (-4)/(1*u/(-17))?
4
Suppose -18*w + 4268 = 4*w. What is the hundreds digit of w?
1
Suppose w + 68 = 278. What is the tens digit of (0 + -3 - -2) + w?
0
Let h = 5 + 805. Suppose -t = 5*b - h, 4*b = -t - 4*t + 669. What is the units digit of b?
1
Suppose -68*k - 2*k + 61320 = 0. What is the hundreds digit of k?
8
Let q be (18/27)/(2/9). Let h = 8 - q. What is the tens digit of h*((-86)/(-10) - 3)?
2
Suppose 12 - 24 = 2*d. What is the units digit of (2760/(-36))/(4/d)?
5
Suppose 4*k = -3*i - 1, 0*i = i - k - 9. Suppose -3*r - 6 - 13 = -i*z, 2*r + 11 = 3*z. What is the units digit of r?
2
What is the tens digit of 7*(-1 + (61 - (-1 - 1)))?
3
Suppose -4*m + 3*l = -8, -4*m - l = -0 - 24. What is the units digit of 1/((-5)/(-5900)*m)?
6
Let z be (114/95)/(23/10 + -2). Suppose 145 - 761 = -z*s. What is the tens digit of s?
5
Suppose -112 = -5*b + b. Let n be (-3)/(-9) + b/6. Let u(i) = i + 1. What is the units digit of u(n)?
6
Let t = -12 - -12. Suppose -s = -t*s + 34. Let w = s + 59. What is the tens digit of w?
2
Let r = -88 - -41. Let c = 82 + r. What is the units digit of c?
5
Suppose 0 = -0*n + n - 6. Suppose -45 = 5*y - n*y. What is the tens digit of y?
4
Let v = 59 - 55. What is the units digit of (v/(-8))/((-1)/36)?
8
Suppose -5*z + 5641 = 4*c, -4*z + 3481 = 5*c - 3559. What is the tens digit of c?
0
Suppose 4*r - 16 = -0. Let w(b) = -2*b + 5*b - 7*b**2 + r*b**2 + 5*b**2. What is the units digit of w(-4)?
0
Suppose 4*f = -2*o + 8, -o + 2*f + 8 = o. Let i be (-1)/3*(-180)/o. Suppose -i = -3*a + 48. What is the tens digit of a?
2
Let z(a) be the first derivative of 69*a**2/2 - 5*a - 1. What is the tens digit of z(1)?
6
Let z(n) = 34*n + 12. Let j be ((-8)/32)/((-2)/32). What is the units digit of z(j)?
8
Suppose -5 + 26 = 3*x + 2*b, -4*b + 12 = 0. Let u be (-17)/(-4) - x/20. Suppose -u*w - w + l = -108, 0 = -l + 2. What is the units digit of w?
2
Suppose 2*c - 845 = 1789. What is the tens digit of c?
1
Let f = 73 + 53. Suppose -q + 8*q = f. What is the tens digit of q?
1
Suppose -11*q + 13*q = -6. What is the units digit of 5 + 67*(q - -4)?
2
Suppose 2*s - 2*o - 21 = o, 5*s = 4*o + 49. Let f be s/(-27) + 7/3. Suppose -6*d + 56 = -f*d. What is the tens digit of d?
1
Let k be -7*16*(6 + -1). Let w = 785 + k. What